34380.
4
What is the highest common divisor of 5271659 and 19885?
97
What is the highest common divisor of 441940 and 1372560?
380
Calculate the highest common factor of 101860 and 5940.
220
What is the highest common divisor of 69914 and 4394?
26
What is the greatest common factor of 615 and 4296513?
123
What is the greatest common factor of 9230 and 524406?
142
Calculate the highest common factor of 1125497 and 9138.
1523
Calculate the highest common divisor of 30528255 and 30.
15
What is the highest common factor of 149523 and 935356?
197
What is the greatest common divisor of 32248 and 48728?
8
Calculate the greatest common factor of 988 and 108908.
76
Calculate the highest common divisor of 22832 and 174290926.
2854
What is the greatest common factor of 741269679 and 412?
103
What is the greatest common divisor of 1813 and 627668?
37
Calculate the highest common divisor of 695676 and 64.
4
What is the highest common factor of 2142 and 3323754?
126
What is the greatest common divisor of 1348 and 176740324?
1348
Calculate the greatest common factor of 130 and 141458005.
65
What is the highest common factor of 66 and 79503?
3
What is the highest common factor of 17444087 and 895?
179
Calculate the greatest common divisor of 479541 and 758781.
537
What is the greatest common divisor of 321292970 and 10?
10
What is the highest common factor of 498 and 521482028?
166
Calculate the highest common factor of 6559 and 154763.
7
What is the highest common factor of 18693188 and 684?
76
What is the greatest common divisor of 8511 and 98015513?
2837
Calculate the greatest common factor of 176736 and 647769.
789
Calculate the greatest common factor of 127882 and 952966.
86
Calculate the greatest common factor of 6251317 and 2962193.
9907
What is the highest common divisor of 242994082 and 182002?
10706
What is the highest common divisor of 8654928 and 96?
48
Calculate the greatest common factor of 1274112 and 315.
63
What is the greatest common factor of 507 and 10627734?
507
What is the greatest common factor of 135134596 and 4?
4
Calculate the greatest common divisor of 4789805 and 1016.
127
What is the greatest common divisor of 686457 and 2470731?
2571
What is the greatest common factor of 122 and 48149557?
61
Calculate the greatest common factor of 1343090 and 79184.
98
Calculate the highest common divisor of 23086 and 5033.
7
What is the highest common factor of 3029475 and 150?
75
What is the greatest common divisor of 201 and 6194351?
67
What is the highest common divisor of 5849 and 974460947?
5849
What is the greatest common divisor of 413287607 and 749?
107
Calculate the highest common divisor of 28425652 and 566.
566
What is the greatest common factor of 124917717 and 6?
3
Calculate the highest common divisor of 5294515200 and 1040.
1040
Calculate the greatest common factor of 46694 and 281422.
74
What is the greatest common factor of 37735936 and 2128?
112
Calculate the highest common factor of 10720223 and 13161.
107
What is the greatest common divisor of 4864 and 7314088?
152
Calculate the highest common factor of 151784100 and 38025.
2925
Calculate the highest common factor of 350 and 35753630.
10
What is the greatest common factor of 390 and 3559764?
78
What is the highest common factor of 91887 and 1836335?
281
What is the greatest common divisor of 38335 and 456501?
17
Calculate the highest common divisor of 4306 and 5534.
2
What is the greatest common factor of 585788365 and 985?
985
What is the highest common factor of 1869 and 9809313?
267
Calculate the highest common factor of 123264 and 4258386.
1926
What is the highest common factor of 59563 and 96901?
889
Calculate the greatest common factor of 1302 and 2241966.
6
Calculate the highest common divisor of 68643 and 95469.
789
What is the greatest common divisor of 445315 and 68975?
155
What is the greatest common factor of 127228 and 342924?
68
Calculate the highest common divisor of 129612 and 11697.
21
What is the greatest common divisor of 3995 and 732020?
85
Calculate the highest common divisor of 3636 and 931220.
404
Calculate the greatest common divisor of 2192430 and 312131.
683
Calculate the highest common factor of 6196 and 4338259516.
6196
Calculate the greatest common divisor of 954 and 18915594.
318
Calculate the highest common factor of 2954 and 1058512728.
2954
What is the highest common divisor of 319767 and 5061?
21
What is the highest common factor of 352 and 6480221?
11
Calculate the highest common factor of 2135676 and 1856.
116
What is the greatest common divisor of 3540740 and 364?
28
Calculate the greatest common factor of 136 and 665500564.
68
Calculate the highest common factor of 51 and 5388677.
17
What is the highest common factor of 2230 and 26477905?
1115
What is the highest common divisor of 642 and 110241993?
321
Calculate the greatest common divisor of 70 and 3926118.
14
Calculate the highest common divisor of 1263658 and 22223.
71
Calculate the highest common divisor of 1150 and 145.
5
Calculate the greatest common divisor of 242432 and 1208.
8
What is the greatest common factor of 325230 and 7104?
222
Calculate the highest common divisor of 1048 and 216024.
8
What is the greatest common divisor of 51139561 and 789?
263
Calculate the highest common divisor of 28824 and 3144.
24
What is the highest common divisor of 3279 and 189437667?
3279
Calculate the greatest common factor of 27 and 3543075.
27
Calculate the greatest common factor of 1311 and 1474191.
57
Calculate the greatest common divisor of 140 and 213557240.
20
What is the greatest common factor of 36047 and 181511?
319
Calculate the highest common factor of 196471 and 127457.
11
Calculate the greatest common factor of 70434650 and 132.
22
Calculate the highest common factor of 24 and 186969228.
12
Calculate the highest common divisor of 16381332 and 4.
4
What is the highest common factor of 5 and 564373?
1
What is the highest common factor of 60635878 and 114?
38
Calculate the greatest common factor of 579880 and 396815.
95
What is the greatest common divisor of 2334 and 534713176?
778
What is the highest common divisor of 2847798 and 1134?
162
Calculate the highest common factor of 159 and 242248637.
53
Calculate the highest common factor of 2007880 and 8.
8
Calculate the highest common factor of 3525 and 326057565.
705
What is the greatest common factor of 34865425 and 2975?
175
Calculate the greatest common divisor of 1001 and 810299.
7
Calculate the highest common factor of 13735300 and 1300.
100
What is the greatest common divisor of 533 and 25692855?
41
What is the greatest common factor of 1990954053 and 103?
103
Calculate the highest common factor of 8 and 312197584.
8
Calculate the highest common factor of 698294 and 317763.
3923
What is the greatest common factor of 17051 and 644752?
59
What is the greatest common factor of 1584 and 6554196?
396
What is the greatest common divisor of 713 and 2402879?
23
Calculate the greatest common divisor of 1102274 and 117998.
2878
What is the greatest common factor of 60509735 and 22?
11
What is the highest common factor of 11336 and 562?
2
What is the greatest common factor of 20195 and 230223?
4039
Calculate the greatest common factor of 1544305 and 35.
35
Calculate the greatest common factor of 66610352 and 323.
323
Calculate the greatest common divisor of 352226 and 3620.
362
What is the highest common divisor of 453 and 771659377?
151
Calculate the greatest common divisor of 7666020 and 960.
60
Calculate the greatest common factor of 19921560 and 120.
120
What is the highest common factor of 198813434 and 698?
698
What is the highest common divisor of 11110708 and 189?
7
Calculate the greatest common divisor of 44065324 and 89.
89
Calculate the greatest common factor of 7922 and 4465798.
34
What is the highest common divisor of 136 and 18794248?
136
Calculate the highest common divisor of 2992 and 2975544.
1496
What is the greatest common factor of 181488 and 46896?
48
What is the greatest common divisor of 804 and 135678?
6
What is the greatest common factor of 29908440 and 4131?
4131
What is the greatest common divisor of 715125050 and 50?
50
Calculate the highest common factor of 730911 and 2147.
19
Calculate the greatest common